{"id":3977,"date":"2012-04-13T16:46:33","date_gmt":"2012-04-13T16:46:33","guid":{"rendered":"https:\/\/test.jabsuisseromande.ch\/index.php\/"},"modified":"2016-02-25T15:37:57","modified_gmt":"2016-02-25T13:37:57","slug":"videos-plus-anciennes","status":"publish","type":"page","link":"https:\/\/enfants2.jabsuisseromande.ch\/index.php\/enfants\/pages-enfants\/le-coin-videos\/videos-plus-anciennes\/","title":{"rendered":"Vid\u00e9os plus anciennes"},"content":{"rendered":"<style type=\"text\/css\"><!--\n* focus, object, player, embed{ outline: none }\n--><\/style>\n<div style=\"position: fixed; top: 0; left: 0; background: #ffff99; width: 100%; height: 100%; z-index: -11;\">\u00a0<\/div>\n<p>\n<script type=\"text\/javascript\">\/\/ <![CDATA[\nwindow.onload = function(){\n  window.location.href = \"#go_start\";\n}\n\/\/ ]]><\/script>\n<\/p>\n<h2 id=\"go_start\">\u00a0<\/h2>\n<p style=\"text-align: left; padding-left: 60px;\"><span style=\"color: #800080;\"><span style=\"font-family: comic sans ms,sans-serif;\"><span style=\"font-size: xx-large;\">Films des camps des ann\u00e9es pr\u00e9c\u00e9dentes<\/span><\/span><\/span><\/p>\n<p>&nbsp;<\/p>\n<table style=\"width: 928px; height: 396px;\" border=\"0\" cellspacing=\"0\" align=\"center\">\n<tbody>\n<tr>\n<td style=\"width: 704px; border: 0px solid #9f9f9f; background-color: #9f9f9f; height: 396px; text-align: center;\"><div class='jwplayer' id='jwplayer-0'><\/div><script type='text\/javascript'>if(typeof(jQuery)==\"function\"){(function($){$.fn.fitVids=function(){}})(jQuery)};jwplayer('jwplayer-0').setup({\"height\":608,\"width\":725,\"listbar__position\":\"none\",\"primary\":\"flash\",\"fallback\":false,\"listbar\":{\"position\":\"bottom\",\"size\":200},\"playlist\":[{\"title\":\"Film des camps enfants 2013\",\"sources\":[{\"file\":\"https:\/\/test.jabsuisseromande.ch\/wp-content\/gallery\/jab_enfants\/films\/jab_enfants_2013.mp4\"}],\"image\":\"https:\/\/enfants2.jabsuisseromande.ch\/wp-content\/gallery\/jab_enfants\/films\/titre_2013.jpg\"},{\"title\":\"Film des camps enfants 2012\",\"sources\":[{\"file\":\"https:\/\/test.jabsuisseromande.ch\/wp-content\/gallery\/jab_enfants\/films\/jab_enfants_2012.mp4\"}],\"image\":\"https:\/\/enfants2.jabsuisseromande.ch\/wp-content\/gallery\/jab_enfants\/films\/titre_2012.jpg\"},{\"title\":\"Film des camps enfants 2011\",\"sources\":[{\"file\":\"https:\/\/test.jabsuisseromande.ch\/wp-content\/gallery\/jab_enfants\/films\/jab_enfants_2011.mp4\"}],\"image\":\"https:\/\/enfants2.jabsuisseromande.ch\/wp-content\/gallery\/jab_enfants\/films\/titre_2011.jpg\"},{\"title\":\"Film des camps enfants 2010\",\"sources\":[{\"file\":\"https:\/\/test.jabsuisseromande.ch\/wp-content\/gallery\/jab_enfants\/films\/jab_enfants_2010.mp4\"}],\"image\":\"https:\/\/enfants2.jabsuisseromande.ch\/wp-content\/gallery\/jab_enfants\/films\/titre_2010.jpg\"},{\"title\":\"Film des camps enfants 2009\",\"sources\":[{\"file\":\"https:\/\/test.jabsuisseromande.ch\/wp-content\/gallery\/jab_enfants\/films\/jab_enfants_2009.mp4\"}],\"image\":\"https:\/\/enfants2.jabsuisseromande.ch\/wp-content\/gallery\/jab_enfants\/films\/titre_2009.jpg\"},{\"title\":\"Film des camps enfants 2008\",\"sources\":[{\"file\":\"https:\/\/test.jabsuisseromande.ch\/wp-content\/gallery\/jab_enfants\/films\/jab_enfants_2008.mp4\"}],\"image\":\"https:\/\/enfants2.jabsuisseromande.ch\/wp-content\/gallery\/jab_enfants\/films\/titre_2008.jpg\"},{\"title\":\"Film des camps enfants 2007\",\"sources\":[{\"file\":\"https:\/\/test.jabsuisseromande.ch\/wp-content\/gallery\/jab_enfants\/films\/jab_enfants_2007.mp4\"}],\"image\":\"https:\/\/enfants2.jabsuisseromande.ch\/wp-content\/gallery\/jab_enfants\/films\/titre_2007.jpg\"},{\"title\":\"Film des camps enfants 2006\",\"sources\":[{\"file\":\"https:\/\/test.jabsuisseromande.ch\/wp-content\/gallery\/jab_enfants\/films\/jab_enfants_2006.mp4\"}],\"image\":\"https:\/\/enfants2.jabsuisseromande.ch\/wp-content\/gallery\/jab_enfants\/films\/titre_2006.jpg\"},{\"title\":\"Film des camps enfants 2005\",\"sources\":[{\"file\":\"https:\/\/test.jabsuisseromande.ch\/wp-content\/gallery\/jab_enfants\/films\/jab_enfants_2005.mp4\"}],\"image\":\"https:\/\/enfants2.jabsuisseromande.ch\/wp-content\/gallery\/jab_enfants\/films\/titre_2005.jpg\"},{\"title\":\"Film des camps enfants 2005 Bonus\",\"sources\":[{\"file\":\"https:\/\/test.jabsuisseromande.ch\/wp-content\/gallery\/jab_enfants\/films\/jab_enfants_2005_bonus.mp4\"}],\"image\":\"https:\/\/enfants2.jabsuisseromande.ch\/wp-content\/gallery\/jab_enfants\/films\/titre_2005_bonus.jpg\"},{\"title\":\"Film des camps enfants 2004\",\"sources\":[{\"file\":\"https:\/\/test.jabsuisseromande.ch\/wp-content\/gallery\/jab_enfants\/films\/jab_enfants_2004.mp4\"}],\"image\":\"https:\/\/enfants2.jabsuisseromande.ch\/wp-content\/gallery\/jab_enfants\/films\/titre_2004.jpg\"}]});\n<\/script><\/td>\n<td style=\"background-color: #9f9f9f; height: 396px; border: 0px solid #9f9f9f; width: 224px;\" valign=\"top\">\n<p style=\"text-align: center;\"><img loading=\"lazy\" class=\"aligncenter\" style=\"background-color: #9f9f9f; border: 0pt none;\" onmousedown=\"this.src='https:\/\/enfants2.jabsuisseromande.ch\/wp-content\/uploads\/jab_enfants\/deco_pages\/ecureuil2_gris_b.jpg';\" onmouseup=\"this.src='https:\/\/enfants2.jabsuisseromande.ch\/wp-content\/uploads\/jab_enfants\/deco_pages\/ecureuil2_gris.jpg';\" onmouseover=\"this.src='https:\/\/enfants2.jabsuisseromande.ch\/wp-content\/uploads\/jab_enfants\/deco_pages\/camera3b_gris.jpg';\" onmouseout=\"this.src='https:\/\/enfants2.jabsuisseromande.ch\/wp-content\/uploads\/jab_enfants\/deco_pages\/projo2b_gris.jpg';\" alt=\"\" src=\"https:\/\/enfants2.jabsuisseromande.ch\/wp-content\/uploads\/jab_enfants\/deco_pages\/projo2b_gris.jpg\" width=\"164\" height=\"187\" \/><\/p>\n<p style=\"text-align: center;\"><span style=\"color: #ffffff;\"><span style=\"font-size: large;\"><strong><span style=\"font-family: comic sans ms,sans-serif;\">Ann\u00e9e de camp<\/span><\/strong><\/span><\/span><\/p>\n<p style=\"text-align: center;\"><a href=\"https:\/\/enfants2.jabsuisseromande.ch\/index.php\/enfants\/pages-enfants\/pages-videos\/video-2013\"><span style=\"color: #99ccff;\"><span style=\"font-size: large;\"><strong><span style=\"font-family: comic sans ms,sans-serif;\">2013<\/span><\/strong><\/span><\/span><\/a><\/p>\n<p style=\"text-align: center;\"><a href=\"https:\/\/enfants2.jabsuisseromande.ch\/index.php\/enfants\/pages-enfants\/pages-videos\/video-2014\"><span style=\"color: #ffcc99;\"><span style=\"font-size: large;\"><strong><span style=\"font-family: comic sans ms,sans-serif;\">2014<\/span><\/strong><\/span><\/span><\/a><\/p>\n<p style=\"text-align: center;\"><a href=\"https:\/\/enfants2.jabsuisseromande.ch\/index.php\/enfants\/pages-enfants\/pages-videos\/video-2015\"><span style=\"color: #ccffcc;\"><span style=\"font-size: large;\"><strong><span style=\"font-family: comic sans ms,sans-serif;\">2015<\/span><\/strong><\/span><\/span><\/a><\/p>\n<p style=\"text-align: center;\"><a href=\"https:\/\/enfants2.jabsuisseromande.ch\/index.php\/enfants\/pages-enfants\/pages-videos\/videos-plus-anciennes\"><span style=\"color: #ffff99;\"><span style=\"font-size: large;\"><strong><span style=\"font-family: comic sans ms,sans-serif;\">Autres<\/span><\/strong><\/span><\/span><\/a><\/p>\n<p style=\"text-align: center;\"><a href=\"https:\/\/enfants2.jabsuisseromande.ch\/index.php\/enfants\/pages-enfants\/le-bon-coin\/le-coin-special-medias\"><span style=\"color: #ab5500;\"><span style=\"font-size: large;\"><strong><span style=\"font-family: comic sans ms,sans-serif;\">Sp\u00e9cial<\/span><\/strong><\/span><\/span><\/a><\/p>\n<p style=\"text-align: center;\"><span style=\"color: #9f9f9f;\">&#8212;&#8212;&#8212;&#8212;&#8212;&#8212;&#8212;&#8212;&#8212;&#8212;&#8212;&#8212;&#8211;<\/span><br \/>Pour visionner en plein \u00e9cran,<br \/>clique sur la derni\u00e8re ic\u00f4ne de<br \/>la barre de lecture vid\u00e9o.<\/p>\n<p style=\"text-align: center;\">Bons films !<\/p>\n<p><a href=\"https:\/\/enfants2.jabsuisseromande.ch\/index.php\/enfants\/pages-enfants\"><img loading=\"lazy\" class=\"alignright\" style=\"margin-right: 60px; background-color: #9f9f9f; border: 0pt none;\" onmousedown=\"this.src='https:\/\/enfants2.jabsuisseromande.ch\/wp-content\/uploads\/jab_enfants\/web\/bouton_retour_rond_down_gris2.jpg';\" onmouseover=\"this.src='https:\/\/enfants2.jabsuisseromande.ch\/wp-content\/uploads\/jab_enfants\/web\/bouton_retour_rond_down_gris2.jpg';\" onmouseout=\"this.src='https:\/\/enfants2.jabsuisseromande.ch\/wp-content\/uploads\/jab_enfants\/web\/bouton_retour_rond_gris2.jpg';\" alt=\"\" src=\"https:\/\/enfants2.jabsuisseromande.ch\/wp-content\/uploads\/jab_enfants\/web\/bouton_retour_rond_gris2.jpg\" width=\"70\" height=\"66\" \/><\/a><\/p>\n<\/td>\n<\/tr>\n<\/tbody>\n<\/table>\n<p>&nbsp;<\/p>\n<p style=\"text-align: left;\"><span style=\"font-family: comic sans ms,sans-serif;\"><span style=\"color: #ff0000;\"><span style=\"font-size: small;\">Des soucis avec la vid\u00e9o ?<\/span><\/span><span style=\"color: #ff0000;\"><span style=\"font-size: small;\"> =&gt; <\/span><\/span><strong><span style=\"color: #ff0000;\"><span style=\"font-size: small;\"><a href=\"#html5\"><span style=\"color: #ff0000;\">Essaie ici<\/span><\/a><\/span><\/span><\/strong><br \/><\/span><\/p>\n<p>&nbsp;<\/p>\n<p>&nbsp;<\/p>\n<p>&nbsp;<\/p>\n<p>&nbsp;<\/p>\n<p>&nbsp;<\/p>\n<p>&nbsp;<\/p>\n<p>&nbsp;<\/p>\n<p>&nbsp;<\/p>\n<p>&nbsp;<\/p>\n<p>&nbsp;<\/p>\n<p>&nbsp;<\/p>\n<p>&nbsp;<\/p>\n<p>&nbsp;<\/p>\n<p>&nbsp;<\/p>\n<p>&nbsp;<\/p>\n<p><a name=\"html5\"><\/a><\/p>\n<p>&nbsp;<\/p>\n<p>Idem en HTML5<\/p>\n<table style=\"width: 928px; height: 396px;\" border=\"0\" cellspacing=\"0\" align=\"center\">\n<tbody>\n<tr>\n<td style=\"width: 704px; border: 0px solid #9f9f9f; background-color: #9f9f9f; height: 396px; text-align: center;\"><div class='jwplayer' id='jwplayer-1'><\/div><script type='text\/javascript'>if(typeof(jQuery)==\"function\"){(function($){$.fn.fitVids=function(){}})(jQuery)};jwplayer('jwplayer-1').setup({\"height\":608,\"width\":725,\"listbar__position\":\"none\",\"primary\":\"html5\",\"fallback\":false,\"listbar\":{\"position\":\"bottom\",\"size\":200},\"playlist\":[{\"title\":\"Film des camps enfants 2013\",\"sources\":[{\"file\":\"https:\/\/test.jabsuisseromande.ch\/wp-content\/gallery\/jab_enfants\/films\/jab_enfants_2013.mp4\"}],\"image\":\"https:\/\/enfants2.jabsuisseromande.ch\/wp-content\/gallery\/jab_enfants\/films\/titre_2013.jpg\"},{\"title\":\"Film des camps enfants 2012\",\"sources\":[{\"file\":\"https:\/\/test.jabsuisseromande.ch\/wp-content\/gallery\/jab_enfants\/films\/jab_enfants_2012.mp4\"}],\"image\":\"https:\/\/enfants2.jabsuisseromande.ch\/wp-content\/gallery\/jab_enfants\/films\/titre_2012.jpg\"},{\"title\":\"Film des camps enfants 2011\",\"sources\":[{\"file\":\"https:\/\/test.jabsuisseromande.ch\/wp-content\/gallery\/jab_enfants\/films\/jab_enfants_2011.mp4\"}],\"image\":\"https:\/\/enfants2.jabsuisseromande.ch\/wp-content\/gallery\/jab_enfants\/films\/titre_2011.jpg\"},{\"title\":\"Film des camps enfants 2010\",\"sources\":[{\"file\":\"https:\/\/test.jabsuisseromande.ch\/wp-content\/gallery\/jab_enfants\/films\/jab_enfants_2010.mp4\"}],\"image\":\"https:\/\/enfants2.jabsuisseromande.ch\/wp-content\/gallery\/jab_enfants\/films\/titre_2010.jpg\"},{\"title\":\"Film des camps enfants 2009\",\"sources\":[{\"file\":\"https:\/\/test.jabsuisseromande.ch\/wp-content\/gallery\/jab_enfants\/films\/jab_enfants_2009.mp4\"}],\"image\":\"https:\/\/enfants2.jabsuisseromande.ch\/wp-content\/gallery\/jab_enfants\/films\/titre_2009.jpg\"},{\"title\":\"Film des camps enfants 2008\",\"sources\":[{\"file\":\"https:\/\/test.jabsuisseromande.ch\/wp-content\/gallery\/jab_enfants\/films\/jab_enfants_2008.mp4\"}],\"image\":\"https:\/\/enfants2.jabsuisseromande.ch\/wp-content\/gallery\/jab_enfants\/films\/titre_2008.jpg\"},{\"title\":\"Film des camps enfants 2007\",\"sources\":[{\"file\":\"https:\/\/test.jabsuisseromande.ch\/wp-content\/gallery\/jab_enfants\/films\/jab_enfants_2007.mp4\"}],\"image\":\"https:\/\/enfants2.jabsuisseromande.ch\/wp-content\/gallery\/jab_enfants\/films\/titre_2007.jpg\"},{\"title\":\"Film des camps enfants 2006\",\"sources\":[{\"file\":\"https:\/\/test.jabsuisseromande.ch\/wp-content\/gallery\/jab_enfants\/films\/jab_enfants_2006.mp4\"}],\"image\":\"https:\/\/enfants2.jabsuisseromande.ch\/wp-content\/gallery\/jab_enfants\/films\/titre_2006.jpg\"},{\"title\":\"Film des camps enfants 2005\",\"sources\":[{\"file\":\"https:\/\/test.jabsuisseromande.ch\/wp-content\/gallery\/jab_enfants\/films\/jab_enfants_2005.mp4\"}],\"image\":\"https:\/\/enfants2.jabsuisseromande.ch\/wp-content\/gallery\/jab_enfants\/films\/titre_2005.jpg\"},{\"title\":\"Film des camps enfants 2005 Bonus\",\"sources\":[{\"file\":\"https:\/\/test.jabsuisseromande.ch\/wp-content\/gallery\/jab_enfants\/films\/jab_enfants_2005_bonus.mp4\"}],\"image\":\"https:\/\/enfants2.jabsuisseromande.ch\/wp-content\/gallery\/jab_enfants\/films\/titre_2005_bonus.jpg\"},{\"title\":\"Film des camps enfants 2004\",\"sources\":[{\"file\":\"https:\/\/test.jabsuisseromande.ch\/wp-content\/gallery\/jab_enfants\/films\/jab_enfants_2004.mp4\"}],\"image\":\"https:\/\/enfants2.jabsuisseromande.ch\/wp-content\/gallery\/jab_enfants\/films\/titre_2004.jpg\"}]});\n<\/script><\/td>\n<td style=\"background-color: #9f9f9f; height: 396px; border: 0px solid #9f9f9f; width: 224px;\" valign=\"top\">\n<p style=\"text-align: center;\"><img loading=\"lazy\" class=\"aligncenter\" style=\"background-color: #9f9f9f; border: 0pt none;\" onmousedown=\"this.src='https:\/\/enfants2.jabsuisseromande.ch\/wp-content\/uploads\/jab_enfants\/deco_pages\/ecureuil2_gris_b.jpg';\" onmouseup=\"this.src='https:\/\/enfants2.jabsuisseromande.ch\/wp-content\/uploads\/jab_enfants\/deco_pages\/ecureuil2_gris.jpg';\" onmouseover=\"this.src='https:\/\/enfants2.jabsuisseromande.ch\/wp-content\/uploads\/jab_enfants\/deco_pages\/camera3b_gris.jpg';\" onmouseout=\"this.src='https:\/\/enfants2.jabsuisseromande.ch\/wp-content\/uploads\/jab_enfants\/deco_pages\/projo2b_gris.jpg';\" alt=\"\" src=\"https:\/\/enfants2.jabsuisseromande.ch\/wp-content\/uploads\/jab_enfants\/deco_pages\/projo2b_gris.jpg\" width=\"164\" height=\"187\" \/><\/p>\n<p style=\"text-align: center;\"><span style=\"color: #ffffff;\"><span style=\"font-size: large;\"><strong><span style=\"font-family: comic sans ms,sans-serif;\">Ann\u00e9e de camp<\/span><\/strong><\/span><\/span><\/p>\n<p style=\"text-align: center;\"><a href=\"https:\/\/enfants2.jabsuisseromande.ch\/index.php\/enfants\/pages-enfants\/pages-videos\/video-2013\"><span style=\"color: #99ccff;\"><span style=\"font-size: large;\"><strong><span style=\"font-family: comic sans ms,sans-serif;\">2013<\/span><\/strong><\/span><\/span><\/a><\/p>\n<p style=\"text-align: center;\"><a href=\"https:\/\/enfants2.jabsuisseromande.ch\/index.php\/enfants\/pages-enfants\/pages-videos\/video-2014\"><span style=\"color: #ffcc99;\"><span style=\"font-size: large;\"><strong><span style=\"font-family: comic sans ms,sans-serif;\">2014<\/span><\/strong><\/span><\/span><\/a><\/p>\n<p style=\"text-align: center;\"><a href=\"https:\/\/enfants2.jabsuisseromande.ch\/index.php\/enfants\/pages-enfants\/pages-videos\/video-2015\"><span style=\"color: #ccffcc;\"><span style=\"font-size: large;\"><strong><span style=\"font-family: comic sans ms,sans-serif;\">2015<\/span><\/strong><\/span><\/span><\/a><\/p>\n<p style=\"text-align: center;\"><a href=\"https:\/\/enfants2.jabsuisseromande.ch\/index.php\/enfants\/pages-enfants\/pages-videos\/videos-plus-anciennes\"><span style=\"color: #ffff99;\"><span style=\"font-size: large;\"><strong><span style=\"font-family: comic sans ms,sans-serif;\">Autres<\/span><\/strong><\/span><\/span><\/a><\/p>\n<p style=\"text-align: center;\"><a href=\"https:\/\/enfants2.jabsuisseromande.ch\/index.php\/enfants\/pages-enfants\/le-bon-coin\/le-coin-special-medias\"><span style=\"color: #ab5500;\"><span style=\"font-size: large;\"><strong><span style=\"font-family: comic sans ms,sans-serif;\">Sp\u00e9cial<\/span><\/strong><\/span><\/span><\/a><\/p>\n<p style=\"text-align: center;\"><span style=\"color: #9f9f9f;\">&#8212;&#8212;&#8212;&#8212;&#8212;&#8212;&#8212;&#8212;&#8212;&#8212;&#8212;&#8212;&#8211;<\/span><br \/>Pour visionner en plein \u00e9cran,<br \/>clique sur la derni\u00e8re ic\u00f4ne de<br \/>la barre de lecture vid\u00e9o.<\/p>\n<p style=\"text-align: center;\">Bons films !<\/p>\n<p><a href=\"https:\/\/enfants2.jabsuisseromande.ch\/index.php\/enfants\/pages-enfants\"><img loading=\"lazy\" class=\"alignright\" style=\"margin-right: 60px; background-color: #9f9f9f; border: 0pt none;\" onmousedown=\"this.src='https:\/\/enfants2.jabsuisseromande.ch\/wp-content\/uploads\/jab_enfants\/web\/bouton_retour_rond_down_gris2.jpg';\" onmouseover=\"this.src='https:\/\/enfants2.jabsuisseromande.ch\/wp-content\/uploads\/jab_enfants\/web\/bouton_retour_rond_down_gris2.jpg';\" onmouseout=\"this.src='https:\/\/enfants2.jabsuisseromande.ch\/wp-content\/uploads\/jab_enfants\/web\/bouton_retour_rond_gris2.jpg';\" alt=\"\" src=\"https:\/\/enfants2.jabsuisseromande.ch\/wp-content\/uploads\/jab_enfants\/web\/bouton_retour_rond_gris2.jpg\" width=\"70\" height=\"66\" \/><\/a><\/p>\n<\/td>\n<\/tr>\n<\/tbody>\n<\/table>\n<p><img style=\"display: none;\" alt=\"\" src=\"https:\/\/enfants2.jabsuisseromande.ch\/wp-content\/uploads\/jab_enfants\/deco_pages\/ecureuil2_gris_b.jpg\" \/><\/p>\n<p>&nbsp;<\/p>\n<p>&nbsp;<\/p>\n<p>&nbsp;<\/p>\n","protected":false},"excerpt":{"rendered":"<p>\u00a0 \u00a0 Films des camps des ann\u00e9es pr\u00e9c\u00e9dentes &nbsp; Ann\u00e9e de camp 2013 2014 2015 Autres Sp\u00e9cial &#8212;&#8212;&#8212;&#8212;&#8212;&#8212;&#8212;&#8212;&#8212;&#8212;&#8212;&#8212;&#8211;Pour visionner en plein \u00e9cran,clique sur la derni\u00e8re ic\u00f4ne dela barre de lecture vid\u00e9o. Bons films ! &nbsp; Des soucis avec la vid\u00e9o ? =&gt; Essaie ici &nbsp; &nbsp; &nbsp; &nbsp; &nbsp; &nbsp; &nbsp; &nbsp; &nbsp; &nbsp; &nbsp; [&hellip;]<\/p>\n","protected":false},"author":3,"featured_media":0,"parent":3004,"menu_order":4,"comment_status":"open","ping_status":"closed","template":"template-full-width.php","meta":{"ngg_post_thumbnail":0},"_links":{"self":[{"href":"https:\/\/enfants2.jabsuisseromande.ch\/index.php\/wp-json\/wp\/v2\/pages\/3977"}],"collection":[{"href":"https:\/\/enfants2.jabsuisseromande.ch\/index.php\/wp-json\/wp\/v2\/pages"}],"about":[{"href":"https:\/\/enfants2.jabsuisseromande.ch\/index.php\/wp-json\/wp\/v2\/types\/page"}],"author":[{"embeddable":true,"href":"https:\/\/enfants2.jabsuisseromande.ch\/index.php\/wp-json\/wp\/v2\/users\/3"}],"replies":[{"embeddable":true,"href":"https:\/\/enfants2.jabsuisseromande.ch\/index.php\/wp-json\/wp\/v2\/comments?post=3977"}],"version-history":[{"count":45,"href":"https:\/\/enfants2.jabsuisseromande.ch\/index.php\/wp-json\/wp\/v2\/pages\/3977\/revisions"}],"predecessor-version":[{"id":15736,"href":"https:\/\/enfants2.jabsuisseromande.ch\/index.php\/wp-json\/wp\/v2\/pages\/3977\/revisions\/15736"}],"up":[{"embeddable":true,"href":"https:\/\/enfants2.jabsuisseromande.ch\/index.php\/wp-json\/wp\/v2\/pages\/3004"}],"wp:attachment":[{"href":"https:\/\/enfants2.jabsuisseromande.ch\/index.php\/wp-json\/wp\/v2\/media?parent=3977"}],"curies":[{"name":"wp","href":"https:\/\/api.w.org\/{rel}","templated":true}]}}